{"id":3626,"date":"2022-05-09T15:11:37","date_gmt":"2022-05-09T13:11:37","guid":{"rendered":"http:\/\/www.kirche-sdh.de\/side\/?page_id=3626"},"modified":"2023-10-07T16:45:23","modified_gmt":"2023-10-07T14:45:23","slug":"einrichtungen","status":"publish","type":"page","link":"https:\/\/www.kirche-sdh.de\/side\/einrichtungen\/","title":{"rendered":"Pfarrb\u00fcros"},"content":{"rendered":"<h3>\u00d6ffnungszeiten Pfarrb\u00fcro (Stand 01.05.2022)<\/h3>\n<p><strong>D\u00f6fering:<\/strong><\/p>\n<p>Donnerstag 14.30 \u2013 15.30 Uhr<\/p>\n<p><strong>Sch\u00f6nthal:<\/strong><\/p>\n<p>Donnerstag 16.00 \u2013 18.00 Uhr<\/p>\n<p><strong>Hiltersried:<\/strong><\/p>\n<p>Freitag 08.00 \u2013 09.00 Uhr<\/p>\n<p>&nbsp;<\/p>\n<h3>Pfarrb\u00fccherei Pfarr- und Jugendheim Sch\u00f6nthal<\/h3>\n<p>Dienstag (14:00 &#8211; 16:00 Uhr)<\/p>\n<p>Donnerstag (19:00 &#8211; 20:00 Uhr)<\/p>\n<p>Samtstag \/ Sonntag (nach dem Gottesdienst in Sch\u00f6nthal)<\/p>\n","protected":false},"excerpt":{"rendered":"<p>\u00d6ffnungszeiten Pfarrb\u00fcro (Stand 01.05.2022) D\u00f6fering: Donnerstag 14.30 \u2013 15.30 Uhr Sch\u00f6nthal: Donnerstag 16.00 \u2013 18.00 Uhr Hiltersried: Freitag 08.00 \u2013 09.00 Uhr &nbsp; Pfarrb\u00fccherei Pfarr- und Jugendheim Sch\u00f6nthal Dienstag (14:00 &#8211; 16:00 Uhr) Donnerstag (19:00 &#8211; 20:00 Uhr) Samtstag \/ Sonntag (nach dem Gottesdienst in Sch\u00f6nthal)<\/p>\n","protected":false},"author":1,"featured_media":0,"parent":0,"menu_order":0,"comment_status":"closed","ping_status":"closed","template":"","meta":{"footnotes":""},"class_list":["post-3626","page","type-page","status-publish","hentry"],"yoast_head":"<!-- This site is optimized with the Yoast SEO plugin v27.5 - https:\/\/yoast.com\/product\/yoast-seo-wordpress\/ -->\n<title>Pfarrb\u00fcros - Informationsseite und Seelsorgeeinheit<\/title>\n<meta name=\"robots\" content=\"index, follow, max-snippet:-1, max-image-preview:large, max-video-preview:-1\" \/>\n<link rel=\"canonical\" href=\"https:\/\/www.kirche-sdh.de\/side\/einrichtungen\/\" \/>\n<meta property=\"og:locale\" content=\"de_DE\" \/>\n<meta property=\"og:type\" content=\"article\" \/>\n<meta property=\"og:title\" content=\"Pfarrb\u00fcros - Informationsseite und Seelsorgeeinheit\" \/>\n<meta property=\"og:description\" content=\"\u00d6ffnungszeiten Pfarrb\u00fcro (Stand 01.05.2022) D\u00f6fering: Donnerstag 14.30 \u2013 15.30 Uhr Sch\u00f6nthal: Donnerstag 16.00 \u2013 18.00 Uhr Hiltersried: Freitag 08.00 \u2013 09.00 Uhr &nbsp; Pfarrb\u00fccherei Pfarr- und Jugendheim Sch\u00f6nthal Dienstag (14:00 &#8211; 16:00 Uhr) Donnerstag (19:00 &#8211; 20:00 Uhr) Samtstag \/ Sonntag (nach dem Gottesdienst in Sch\u00f6nthal)\" \/>\n<meta property=\"og:url\" content=\"https:\/\/www.kirche-sdh.de\/side\/einrichtungen\/\" \/>\n<meta property=\"og:site_name\" content=\"Informationsseite und Seelsorgeeinheit\" \/>\n<meta property=\"article:modified_time\" content=\"2023-10-07T14:45:23+00:00\" \/>\n<meta name=\"twitter:card\" content=\"summary_large_image\" \/>\n<script type=\"application\/ld+json\" class=\"yoast-schema-graph\">{\"@context\":\"https:\\\/\\\/schema.org\",\"@graph\":[{\"@type\":\"WebPage\",\"@id\":\"https:\\\/\\\/www.kirche-sdh.de\\\/side\\\/einrichtungen\\\/\",\"url\":\"https:\\\/\\\/www.kirche-sdh.de\\\/side\\\/einrichtungen\\\/\",\"name\":\"Pfarrb\u00fcros - Informationsseite und Seelsorgeeinheit\",\"isPartOf\":{\"@id\":\"https:\\\/\\\/www.kirche-sdh.de\\\/side\\\/#website\"},\"datePublished\":\"2022-05-09T13:11:37+00:00\",\"dateModified\":\"2023-10-07T14:45:23+00:00\",\"breadcrumb\":{\"@id\":\"https:\\\/\\\/www.kirche-sdh.de\\\/side\\\/einrichtungen\\\/#breadcrumb\"},\"inLanguage\":\"de\",\"potentialAction\":[{\"@type\":\"ReadAction\",\"target\":[\"https:\\\/\\\/www.kirche-sdh.de\\\/side\\\/einrichtungen\\\/\"]}]},{\"@type\":\"BreadcrumbList\",\"@id\":\"https:\\\/\\\/www.kirche-sdh.de\\\/side\\\/einrichtungen\\\/#breadcrumb\",\"itemListElement\":[{\"@type\":\"ListItem\",\"position\":1,\"name\":\"Startseite\",\"item\":\"https:\\\/\\\/www.kirche-sdh.de\\\/side\\\/\"},{\"@type\":\"ListItem\",\"position\":2,\"name\":\"Pfarrb\u00fcros\"}]},{\"@type\":\"WebSite\",\"@id\":\"https:\\\/\\\/www.kirche-sdh.de\\\/side\\\/#website\",\"url\":\"https:\\\/\\\/www.kirche-sdh.de\\\/side\\\/\",\"name\":\"Informationsseite und Seelsorgeeinheit\",\"description\":\"Informationsseite und Seelsorgeeinheit\",\"publisher\":{\"@id\":\"https:\\\/\\\/www.kirche-sdh.de\\\/side\\\/#organization\"},\"potentialAction\":[{\"@type\":\"SearchAction\",\"target\":{\"@type\":\"EntryPoint\",\"urlTemplate\":\"https:\\\/\\\/www.kirche-sdh.de\\\/side\\\/?s={search_term_string}\"},\"query-input\":{\"@type\":\"PropertyValueSpecification\",\"valueRequired\":true,\"valueName\":\"search_term_string\"}}],\"inLanguage\":\"de\"},{\"@type\":\"Organization\",\"@id\":\"https:\\\/\\\/www.kirche-sdh.de\\\/side\\\/#organization\",\"name\":\"Informationsseite und Seelsorgeeinheit\",\"url\":\"https:\\\/\\\/www.kirche-sdh.de\\\/side\\\/\",\"logo\":{\"@type\":\"ImageObject\",\"inLanguage\":\"de\",\"@id\":\"https:\\\/\\\/www.kirche-sdh.de\\\/side\\\/#\\\/schema\\\/logo\\\/image\\\/\",\"url\":\"https:\\\/\\\/www.kirche-sdh.de\\\/side\\\/wp-content\\\/uploads\\\/2017\\\/12\\\/kirche-logos.png\",\"contentUrl\":\"https:\\\/\\\/www.kirche-sdh.de\\\/side\\\/wp-content\\\/uploads\\\/2017\\\/12\\\/kirche-logos.png\",\"width\":438,\"height\":191,\"caption\":\"Informationsseite und Seelsorgeeinheit\"},\"image\":{\"@id\":\"https:\\\/\\\/www.kirche-sdh.de\\\/side\\\/#\\\/schema\\\/logo\\\/image\\\/\"}}]}<\/script>\n<!-- \/ Yoast SEO plugin. -->","yoast_head_json":{"title":"Pfarrb\u00fcros - Informationsseite und Seelsorgeeinheit","robots":{"index":"index","follow":"follow","max-snippet":"max-snippet:-1","max-image-preview":"max-image-preview:large","max-video-preview":"max-video-preview:-1"},"canonical":"https:\/\/www.kirche-sdh.de\/side\/einrichtungen\/","og_locale":"de_DE","og_type":"article","og_title":"Pfarrb\u00fcros - Informationsseite und Seelsorgeeinheit","og_description":"\u00d6ffnungszeiten Pfarrb\u00fcro (Stand 01.05.2022) D\u00f6fering: Donnerstag 14.30 \u2013 15.30 Uhr Sch\u00f6nthal: Donnerstag 16.00 \u2013 18.00 Uhr Hiltersried: Freitag 08.00 \u2013 09.00 Uhr &nbsp; Pfarrb\u00fccherei Pfarr- und Jugendheim Sch\u00f6nthal Dienstag (14:00 &#8211; 16:00 Uhr) Donnerstag (19:00 &#8211; 20:00 Uhr) Samtstag \/ Sonntag (nach dem Gottesdienst in Sch\u00f6nthal)","og_url":"https:\/\/www.kirche-sdh.de\/side\/einrichtungen\/","og_site_name":"Informationsseite und Seelsorgeeinheit","article_modified_time":"2023-10-07T14:45:23+00:00","twitter_card":"summary_large_image","schema":{"@context":"https:\/\/schema.org","@graph":[{"@type":"WebPage","@id":"https:\/\/www.kirche-sdh.de\/side\/einrichtungen\/","url":"https:\/\/www.kirche-sdh.de\/side\/einrichtungen\/","name":"Pfarrb\u00fcros - Informationsseite und Seelsorgeeinheit","isPartOf":{"@id":"https:\/\/www.kirche-sdh.de\/side\/#website"},"datePublished":"2022-05-09T13:11:37+00:00","dateModified":"2023-10-07T14:45:23+00:00","breadcrumb":{"@id":"https:\/\/www.kirche-sdh.de\/side\/einrichtungen\/#breadcrumb"},"inLanguage":"de","potentialAction":[{"@type":"ReadAction","target":["https:\/\/www.kirche-sdh.de\/side\/einrichtungen\/"]}]},{"@type":"BreadcrumbList","@id":"https:\/\/www.kirche-sdh.de\/side\/einrichtungen\/#breadcrumb","itemListElement":[{"@type":"ListItem","position":1,"name":"Startseite","item":"https:\/\/www.kirche-sdh.de\/side\/"},{"@type":"ListItem","position":2,"name":"Pfarrb\u00fcros"}]},{"@type":"WebSite","@id":"https:\/\/www.kirche-sdh.de\/side\/#website","url":"https:\/\/www.kirche-sdh.de\/side\/","name":"Informationsseite und Seelsorgeeinheit","description":"Informationsseite und Seelsorgeeinheit","publisher":{"@id":"https:\/\/www.kirche-sdh.de\/side\/#organization"},"potentialAction":[{"@type":"SearchAction","target":{"@type":"EntryPoint","urlTemplate":"https:\/\/www.kirche-sdh.de\/side\/?s={search_term_string}"},"query-input":{"@type":"PropertyValueSpecification","valueRequired":true,"valueName":"search_term_string"}}],"inLanguage":"de"},{"@type":"Organization","@id":"https:\/\/www.kirche-sdh.de\/side\/#organization","name":"Informationsseite und Seelsorgeeinheit","url":"https:\/\/www.kirche-sdh.de\/side\/","logo":{"@type":"ImageObject","inLanguage":"de","@id":"https:\/\/www.kirche-sdh.de\/side\/#\/schema\/logo\/image\/","url":"https:\/\/www.kirche-sdh.de\/side\/wp-content\/uploads\/2017\/12\/kirche-logos.png","contentUrl":"https:\/\/www.kirche-sdh.de\/side\/wp-content\/uploads\/2017\/12\/kirche-logos.png","width":438,"height":191,"caption":"Informationsseite und Seelsorgeeinheit"},"image":{"@id":"https:\/\/www.kirche-sdh.de\/side\/#\/schema\/logo\/image\/"}}]}},"_links":{"self":[{"href":"https:\/\/www.kirche-sdh.de\/side\/wp-json\/wp\/v2\/pages\/3626","targetHints":{"allow":["GET"]}}],"collection":[{"href":"https:\/\/www.kirche-sdh.de\/side\/wp-json\/wp\/v2\/pages"}],"about":[{"href":"https:\/\/www.kirche-sdh.de\/side\/wp-json\/wp\/v2\/types\/page"}],"author":[{"embeddable":true,"href":"https:\/\/www.kirche-sdh.de\/side\/wp-json\/wp\/v2\/users\/1"}],"replies":[{"embeddable":true,"href":"https:\/\/www.kirche-sdh.de\/side\/wp-json\/wp\/v2\/comments?post=3626"}],"version-history":[{"count":0,"href":"https:\/\/www.kirche-sdh.de\/side\/wp-json\/wp\/v2\/pages\/3626\/revisions"}],"wp:attachment":[{"href":"https:\/\/www.kirche-sdh.de\/side\/wp-json\/wp\/v2\/media?parent=3626"}],"curies":[{"name":"wp","href":"https:\/\/api.w.org\/{rel}","templated":true}]}}