{"id":3619,"date":"2017-12-29T15:10:57","date_gmt":"2017-12-29T14:10:57","guid":{"rendered":"http:\/\/www.kirche-sdh.de\/side\/?page_id=3619"},"modified":"2023-10-07T16:47:54","modified_gmt":"2023-10-07T14:47:54","slug":"termine","status":"publish","type":"page","link":"https:\/\/www.kirche-sdh.de\/side\/termine\/","title":{"rendered":"Termine"},"content":{"rendered":"<p>Pfarrei D\u00f6fering<\/p>\n<p>Pfarrei Sch\u00f6nthal \/D\u00f6fering<\/p>\n<h5>Datum<\/h5>\n<p>25.01.2020<\/p>\n<p>30.04.2020<\/p>\n<p>03.05.2020<\/p>\n<p>10.05.2020<\/p>\n<p>21.05.2020<\/p>\n<h5>Veranstalter<\/h5>\n<p>Rhaner WKV<\/p>\n<p>Rhaner WKV<\/p>\n<p>Pfarrei Hiltersried<\/p>\n<p>Pfarrei D\u00f6 und SCH<\/p>\n<p>Rhaner WKV<\/p>\n<h5>Art<\/h5>\n<p>JHV<\/p>\n<p>Maibaum aufstellen<\/p>\n<p>Erstrkommunion<\/p>\n<p>Erstkommunion<\/p>\n<p>Fr\u00fchschoppen<\/p>\n<h5>Ort<\/h5>\n<p>Rhan H\u00e4usl<\/p>\n<p>D\u00f6fering<\/p>\n<p>Pfarrei<\/p>\n<p>Sch\u00f6nthal<\/p>\n<p>Rhan H\u00e4usl<\/p>\n<h5>Uhrzeit<\/h5>\n<p>19:30 Uhr<\/p>\n<p>09:45 Uhr<\/p>\n<p>09:45 Uhr<\/p>\n<p>09:45 Uhr<\/p>\n<p>09:30 Uhr<\/p>\n<p><a href=\"http:\/\/www.keb-cham.de\/keb-katholische-erwachsenenbildung\/\" target=\"_blank\" role=\"button\" rel=\"noopener noreferrer\"><br \/>\nTermine Kath. Erwachsenenbildung<br \/>\n<\/a><\/p>\n","protected":false},"excerpt":{"rendered":"<p>Pfarrei D\u00f6fering Pfarrei Sch\u00f6nthal \/D\u00f6fering Datum 25.01.2020 30.04.2020 03.05.2020 10.05.2020 21.05.2020 Veranstalter Rhaner WKV Rhaner WKV Pfarrei Hiltersried Pfarrei D\u00f6 und SCH Rhaner WKV Art JHV Maibaum aufstellen Erstrkommunion Erstkommunion Fr\u00fchschoppen Ort Rhan H\u00e4usl D\u00f6fering Pfarrei Sch\u00f6nthal Rhan H\u00e4usl Uhrzeit 19:30 Uhr 09:45 Uhr 09:45 Uhr 09:45 Uhr 09:30 Uhr [&hellip;]<\/p>\n","protected":false},"author":1,"featured_media":0,"parent":0,"menu_order":0,"comment_status":"closed","ping_status":"closed","template":"","meta":{"footnotes":""},"class_list":["post-3619","page","type-page","status-publish","hentry"],"yoast_head":"<!-- This site is optimized with the Yoast SEO plugin v27.5 - https:\/\/yoast.com\/product\/yoast-seo-wordpress\/ -->\n<title>Termine - Informationsseite und Seelsorgeeinheit<\/title>\n<meta name=\"robots\" content=\"index, follow, max-snippet:-1, max-image-preview:large, max-video-preview:-1\" \/>\n<link rel=\"canonical\" href=\"https:\/\/www.kirche-sdh.de\/side\/termine\/\" \/>\n<meta property=\"og:locale\" content=\"de_DE\" \/>\n<meta property=\"og:type\" content=\"article\" \/>\n<meta property=\"og:title\" content=\"Termine - Informationsseite und Seelsorgeeinheit\" \/>\n<meta property=\"og:description\" content=\"Pfarrei D\u00f6fering Pfarrei Sch\u00f6nthal \/D\u00f6fering Datum 25.01.2020 30.04.2020 03.05.2020 10.05.2020 21.05.2020 Veranstalter Rhaner WKV Rhaner WKV Pfarrei Hiltersried Pfarrei D\u00f6 und SCH Rhaner WKV Art JHV Maibaum aufstellen Erstrkommunion Erstkommunion Fr\u00fchschoppen Ort Rhan H\u00e4usl D\u00f6fering Pfarrei Sch\u00f6nthal Rhan H\u00e4usl Uhrzeit 19:30 Uhr 09:45 Uhr 09:45 Uhr 09:45 Uhr 09:30 Uhr [&hellip;]\" \/>\n<meta property=\"og:url\" content=\"https:\/\/www.kirche-sdh.de\/side\/termine\/\" \/>\n<meta property=\"og:site_name\" content=\"Informationsseite und Seelsorgeeinheit\" \/>\n<meta property=\"article:modified_time\" content=\"2023-10-07T14:47:54+00:00\" \/>\n<meta name=\"twitter:card\" content=\"summary_large_image\" \/>\n<script type=\"application\/ld+json\" class=\"yoast-schema-graph\">{\"@context\":\"https:\\\/\\\/schema.org\",\"@graph\":[{\"@type\":\"WebPage\",\"@id\":\"https:\\\/\\\/www.kirche-sdh.de\\\/side\\\/termine\\\/\",\"url\":\"https:\\\/\\\/www.kirche-sdh.de\\\/side\\\/termine\\\/\",\"name\":\"Termine - Informationsseite und Seelsorgeeinheit\",\"isPartOf\":{\"@id\":\"https:\\\/\\\/www.kirche-sdh.de\\\/side\\\/#website\"},\"datePublished\":\"2017-12-29T14:10:57+00:00\",\"dateModified\":\"2023-10-07T14:47:54+00:00\",\"breadcrumb\":{\"@id\":\"https:\\\/\\\/www.kirche-sdh.de\\\/side\\\/termine\\\/#breadcrumb\"},\"inLanguage\":\"de\",\"potentialAction\":[{\"@type\":\"ReadAction\",\"target\":[\"https:\\\/\\\/www.kirche-sdh.de\\\/side\\\/termine\\\/\"]}]},{\"@type\":\"BreadcrumbList\",\"@id\":\"https:\\\/\\\/www.kirche-sdh.de\\\/side\\\/termine\\\/#breadcrumb\",\"itemListElement\":[{\"@type\":\"ListItem\",\"position\":1,\"name\":\"Startseite\",\"item\":\"https:\\\/\\\/www.kirche-sdh.de\\\/side\\\/\"},{\"@type\":\"ListItem\",\"position\":2,\"name\":\"Termine\"}]},{\"@type\":\"WebSite\",\"@id\":\"https:\\\/\\\/www.kirche-sdh.de\\\/side\\\/#website\",\"url\":\"https:\\\/\\\/www.kirche-sdh.de\\\/side\\\/\",\"name\":\"Informationsseite und Seelsorgeeinheit\",\"description\":\"Informationsseite und Seelsorgeeinheit\",\"publisher\":{\"@id\":\"https:\\\/\\\/www.kirche-sdh.de\\\/side\\\/#organization\"},\"potentialAction\":[{\"@type\":\"SearchAction\",\"target\":{\"@type\":\"EntryPoint\",\"urlTemplate\":\"https:\\\/\\\/www.kirche-sdh.de\\\/side\\\/?s={search_term_string}\"},\"query-input\":{\"@type\":\"PropertyValueSpecification\",\"valueRequired\":true,\"valueName\":\"search_term_string\"}}],\"inLanguage\":\"de\"},{\"@type\":\"Organization\",\"@id\":\"https:\\\/\\\/www.kirche-sdh.de\\\/side\\\/#organization\",\"name\":\"Informationsseite und Seelsorgeeinheit\",\"url\":\"https:\\\/\\\/www.kirche-sdh.de\\\/side\\\/\",\"logo\":{\"@type\":\"ImageObject\",\"inLanguage\":\"de\",\"@id\":\"https:\\\/\\\/www.kirche-sdh.de\\\/side\\\/#\\\/schema\\\/logo\\\/image\\\/\",\"url\":\"https:\\\/\\\/www.kirche-sdh.de\\\/side\\\/wp-content\\\/uploads\\\/2017\\\/12\\\/kirche-logos.png\",\"contentUrl\":\"https:\\\/\\\/www.kirche-sdh.de\\\/side\\\/wp-content\\\/uploads\\\/2017\\\/12\\\/kirche-logos.png\",\"width\":438,\"height\":191,\"caption\":\"Informationsseite und Seelsorgeeinheit\"},\"image\":{\"@id\":\"https:\\\/\\\/www.kirche-sdh.de\\\/side\\\/#\\\/schema\\\/logo\\\/image\\\/\"}}]}<\/script>\n<!-- \/ Yoast SEO plugin. -->","yoast_head_json":{"title":"Termine - Informationsseite und Seelsorgeeinheit","robots":{"index":"index","follow":"follow","max-snippet":"max-snippet:-1","max-image-preview":"max-image-preview:large","max-video-preview":"max-video-preview:-1"},"canonical":"https:\/\/www.kirche-sdh.de\/side\/termine\/","og_locale":"de_DE","og_type":"article","og_title":"Termine - Informationsseite und Seelsorgeeinheit","og_description":"Pfarrei D\u00f6fering Pfarrei Sch\u00f6nthal \/D\u00f6fering Datum 25.01.2020 30.04.2020 03.05.2020 10.05.2020 21.05.2020 Veranstalter Rhaner WKV Rhaner WKV Pfarrei Hiltersried Pfarrei D\u00f6 und SCH Rhaner WKV Art JHV Maibaum aufstellen Erstrkommunion Erstkommunion Fr\u00fchschoppen Ort Rhan H\u00e4usl D\u00f6fering Pfarrei Sch\u00f6nthal Rhan H\u00e4usl Uhrzeit 19:30 Uhr 09:45 Uhr 09:45 Uhr 09:45 Uhr 09:30 Uhr [&hellip;]","og_url":"https:\/\/www.kirche-sdh.de\/side\/termine\/","og_site_name":"Informationsseite und Seelsorgeeinheit","article_modified_time":"2023-10-07T14:47:54+00:00","twitter_card":"summary_large_image","schema":{"@context":"https:\/\/schema.org","@graph":[{"@type":"WebPage","@id":"https:\/\/www.kirche-sdh.de\/side\/termine\/","url":"https:\/\/www.kirche-sdh.de\/side\/termine\/","name":"Termine - Informationsseite und Seelsorgeeinheit","isPartOf":{"@id":"https:\/\/www.kirche-sdh.de\/side\/#website"},"datePublished":"2017-12-29T14:10:57+00:00","dateModified":"2023-10-07T14:47:54+00:00","breadcrumb":{"@id":"https:\/\/www.kirche-sdh.de\/side\/termine\/#breadcrumb"},"inLanguage":"de","potentialAction":[{"@type":"ReadAction","target":["https:\/\/www.kirche-sdh.de\/side\/termine\/"]}]},{"@type":"BreadcrumbList","@id":"https:\/\/www.kirche-sdh.de\/side\/termine\/#breadcrumb","itemListElement":[{"@type":"ListItem","position":1,"name":"Startseite","item":"https:\/\/www.kirche-sdh.de\/side\/"},{"@type":"ListItem","position":2,"name":"Termine"}]},{"@type":"WebSite","@id":"https:\/\/www.kirche-sdh.de\/side\/#website","url":"https:\/\/www.kirche-sdh.de\/side\/","name":"Informationsseite und Seelsorgeeinheit","description":"Informationsseite und Seelsorgeeinheit","publisher":{"@id":"https:\/\/www.kirche-sdh.de\/side\/#organization"},"potentialAction":[{"@type":"SearchAction","target":{"@type":"EntryPoint","urlTemplate":"https:\/\/www.kirche-sdh.de\/side\/?s={search_term_string}"},"query-input":{"@type":"PropertyValueSpecification","valueRequired":true,"valueName":"search_term_string"}}],"inLanguage":"de"},{"@type":"Organization","@id":"https:\/\/www.kirche-sdh.de\/side\/#organization","name":"Informationsseite und Seelsorgeeinheit","url":"https:\/\/www.kirche-sdh.de\/side\/","logo":{"@type":"ImageObject","inLanguage":"de","@id":"https:\/\/www.kirche-sdh.de\/side\/#\/schema\/logo\/image\/","url":"https:\/\/www.kirche-sdh.de\/side\/wp-content\/uploads\/2017\/12\/kirche-logos.png","contentUrl":"https:\/\/www.kirche-sdh.de\/side\/wp-content\/uploads\/2017\/12\/kirche-logos.png","width":438,"height":191,"caption":"Informationsseite und Seelsorgeeinheit"},"image":{"@id":"https:\/\/www.kirche-sdh.de\/side\/#\/schema\/logo\/image\/"}}]}},"_links":{"self":[{"href":"https:\/\/www.kirche-sdh.de\/side\/wp-json\/wp\/v2\/pages\/3619","targetHints":{"allow":["GET"]}}],"collection":[{"href":"https:\/\/www.kirche-sdh.de\/side\/wp-json\/wp\/v2\/pages"}],"about":[{"href":"https:\/\/www.kirche-sdh.de\/side\/wp-json\/wp\/v2\/types\/page"}],"author":[{"embeddable":true,"href":"https:\/\/www.kirche-sdh.de\/side\/wp-json\/wp\/v2\/users\/1"}],"replies":[{"embeddable":true,"href":"https:\/\/www.kirche-sdh.de\/side\/wp-json\/wp\/v2\/comments?post=3619"}],"version-history":[{"count":0,"href":"https:\/\/www.kirche-sdh.de\/side\/wp-json\/wp\/v2\/pages\/3619\/revisions"}],"wp:attachment":[{"href":"https:\/\/www.kirche-sdh.de\/side\/wp-json\/wp\/v2\/media?parent=3619"}],"curies":[{"name":"wp","href":"https:\/\/api.w.org\/{rel}","templated":true}]}}

<p>Pfarrei Döfering</p>
<p>Pfarrei Schönthal /Döfering</p>
<h5>Datum</h5>
<p>25.01.2020</p>
<p>30.04.2020</p>
<p>03.05.2020</p>
<p>10.05.2020</p>
<p>21.05.2020</p>
<h5>Veranstalter</h5>
<p>Rhaner WKV</p>
<p>Rhaner WKV</p>
<p>Pfarrei Hiltersried</p>
<p>Pfarrei Dö und SCH</p>
<p>Rhaner WKV</p>
<h5>Art</h5>
<p>JHV</p>
<p>Maibaum aufstellen</p>
<p>Erstrkommunion</p>
<p>Erstkommunion</p>
<p>Frühschoppen</p>
<h5>Ort</h5>
<p>Rhan Häusl</p>
<p>Döfering</p>
<p>Pfarrei</p>
<p>Schönthal</p>
<p>Rhan Häusl</p>
<h5>Uhrzeit</h5>
<p>19:30 Uhr</p>
<p>09:45 Uhr</p>
<p>09:45 Uhr</p>
<p>09:45 Uhr</p>
<p>09:30 Uhr</p>
<p><a href="http://www.keb-cham.de/keb-katholische-erwachsenenbildung/" target="_blank" role="button" rel="noopener noreferrer"><br />
Termine Kath. Erwachsenenbildung<br />
</a></p>

<p>Pfarrei Döfering Pfarrei Schönthal /Döfering Datum 25.01.2020 30.04.2020 03.05.2020 10.05.2020 21.05.2020 Veranstalter Rhaner WKV Rhaner WKV Pfarrei Hiltersried Pfarrei Dö und SCH Rhaner WKV Art JHV Maibaum aufstellen Erstrkommunion Erstkommunion Frühschoppen Ort Rhan Häusl Döfering Pfarrei Schönthal Rhan Häusl Uhrzeit 19:30 Uhr 09:45 Uhr 09:45 Uhr 09:45 Uhr 09:30 Uhr [&hellip;]</p>

<!-- This site is optimized with the Yoast SEO plugin v27.5 - https://yoast.com/product/yoast-seo-wordpress/ -->
<title>Termine - Informationsseite und Seelsorgeeinheit</title>
<meta name="robots" content="index, follow, max-snippet:-1, max-image-preview:large, max-video-preview:-1" />
<link rel="canonical" href="https://www.kirche-sdh.de/side/termine/" />
<meta property="og:locale" content="de_DE" />
<meta property="og:type" content="article" />
<meta property="og:title" content="Termine - Informationsseite und Seelsorgeeinheit" />
<meta property="og:description" content="Pfarrei Döfering Pfarrei Schönthal /Döfering Datum 25.01.2020 30.04.2020 03.05.2020 10.05.2020 21.05.2020 Veranstalter Rhaner WKV Rhaner WKV Pfarrei Hiltersried Pfarrei Dö und SCH Rhaner WKV Art JHV Maibaum aufstellen Erstrkommunion Erstkommunion Frühschoppen Ort Rhan Häusl Döfering Pfarrei Schönthal Rhan Häusl Uhrzeit 19:30 Uhr 09:45 Uhr 09:45 Uhr 09:45 Uhr 09:30 Uhr [&hellip;]" />
<meta property="og:url" content="https://www.kirche-sdh.de/side/termine/" />
<meta property="og:site_name" content="Informationsseite und Seelsorgeeinheit" />
<meta property="article:modified_time" content="2023-10-07T14:47:54+00:00" />
<meta name="twitter:card" content="summary_large_image" />
<script type="application/ld+json" class="yoast-schema-graph">{"@context":"https:\/\/schema.org","@graph":[{"@type":"WebPage","@id":"https:\/\/www.kirche-sdh.de\/side\/termine\/","url":"https:\/\/www.kirche-sdh.de\/side\/termine\/","name":"Termine - Informationsseite und Seelsorgeeinheit","isPartOf":{"@id":"https:\/\/www.kirche-sdh.de\/side\/#website"},"datePublished":"2017-12-29T14:10:57+00:00","dateModified":"2023-10-07T14:47:54+00:00","breadcrumb":{"@id":"https:\/\/www.kirche-sdh.de\/side\/termine\/#breadcrumb"},"inLanguage":"de","potentialAction":[{"@type":"ReadAction","target":["https:\/\/www.kirche-sdh.de\/side\/termine\/"]}]},{"@type":"BreadcrumbList","@id":"https:\/\/www.kirche-sdh.de\/side\/termine\/#breadcrumb","itemListElement":[{"@type":"ListItem","position":1,"name":"Startseite","item":"https:\/\/www.kirche-sdh.de\/side\/"},{"@type":"ListItem","position":2,"name":"Termine"}]},{"@type":"WebSite","@id":"https:\/\/www.kirche-sdh.de\/side\/#website","url":"https:\/\/www.kirche-sdh.de\/side\/","name":"Informationsseite und Seelsorgeeinheit","description":"Informationsseite und Seelsorgeeinheit","publisher":{"@id":"https:\/\/www.kirche-sdh.de\/side\/#organization"},"potentialAction":[{"@type":"SearchAction","target":{"@type":"EntryPoint","urlTemplate":"https:\/\/www.kirche-sdh.de\/side\/?s={search_term_string}"},"query-input":{"@type":"PropertyValueSpecification","valueRequired":true,"valueName":"search_term_string"}}],"inLanguage":"de"},{"@type":"Organization","@id":"https:\/\/www.kirche-sdh.de\/side\/#organization","name":"Informationsseite und Seelsorgeeinheit","url":"https:\/\/www.kirche-sdh.de\/side\/","logo":{"@type":"ImageObject","inLanguage":"de","@id":"https:\/\/www.kirche-sdh.de\/side\/#\/schema\/logo\/image\/","url":"https:\/\/www.kirche-sdh.de\/side\/wp-content\/uploads\/2017\/12\/kirche-logos.png","contentUrl":"https:\/\/www.kirche-sdh.de\/side\/wp-content\/uploads\/2017\/12\/kirche-logos.png","width":438,"height":191,"caption":"Informationsseite und Seelsorgeeinheit"},"image":{"@id":"https:\/\/www.kirche-sdh.de\/side\/#\/schema\/logo\/image\/"}}]}</script>
<!-- / Yoast SEO plugin. -->

Pfarrei Döfering Pfarrei Schönthal /Döfering Datum 25.01.2020 30.04.2020 03.05.2020 10.05.2020 21.05.2020 Veranstalter Rhaner WKV Rhaner WKV Pfarrei Hiltersried Pfarrei Dö und SCH Rhaner WKV Art JHV Maibaum aufstellen Erstrkommunion Erstkommunion Frühschoppen Ort Rhan Häusl Döfering Pfarrei Schönthal Rhan Häusl Uhrzeit 19:30 Uhr 09:45 Uhr 09:45 Uhr 09:45 Uhr 09:30 Uhr [&hellip;]
