{"version":"1.0","provider_name":"Informationsseite und Seelsorgeeinheit","provider_url":"https:\/\/www.kirche-sdh.de\/side","author_name":"Martin Zangl","author_url":"https:\/\/www.kirche-sdh.de\/side\/author\/zangl\/","title":"\"Licht in die Welt gebracht\" - Informationsseite und Seelsorgeeinheit","type":"rich","width":600,"height":338,"html":"<blockquote class=\"wp-embedded-content\" data-secret=\"FWRjzMZMZC\"><a href=\"https:\/\/www.kirche-sdh.de\/side\/licht-in-die-welt-gebracht\/\">&#8222;Licht in die Welt gebracht&#8220;<\/a><\/blockquote><iframe sandbox=\"allow-scripts\" security=\"restricted\" src=\"https:\/\/www.kirche-sdh.de\/side\/licht-in-die-welt-gebracht\/embed\/#?secret=FWRjzMZMZC\" width=\"600\" height=\"338\" title=\"&#8222;&#8222;Licht in die Welt gebracht&#8220;&#8220; &#8211; Informationsseite und Seelsorgeeinheit\" data-secret=\"FWRjzMZMZC\" frameborder=\"0\" marginwidth=\"0\" marginheight=\"0\" scrolling=\"no\" class=\"wp-embedded-content\"><\/iframe><script type=\"text\/javascript\">\n\/* <![CDATA[ *\/\n\/*! This file is auto-generated *\/\n!function(d,l){\"use strict\";l.querySelector&&d.addEventListener&&\"undefined\"!=typeof URL&&(d.wp=d.wp||{},d.wp.receiveEmbedMessage||(d.wp.receiveEmbedMessage=function(e){var t=e.data;if((t||t.secret||t.message||t.value)&&!\/[^a-zA-Z0-9]\/.test(t.secret)){for(var s,r,n,a=l.querySelectorAll('iframe[data-secret=\"'+t.secret+'\"]'),o=l.querySelectorAll('blockquote[data-secret=\"'+t.secret+'\"]'),c=new RegExp(\"^https?:$\",\"i\"),i=0;i<o.length;i++)o[i].style.display=\"none\";for(i=0;i<a.length;i++)s=a[i],e.source===s.contentWindow&&(s.removeAttribute(\"style\"),\"height\"===t.message?(1e3<(r=parseInt(t.value,10))?r=1e3:~~r<200&&(r=200),s.height=r):\"link\"===t.message&&(r=new URL(s.getAttribute(\"src\")),n=new URL(t.value),c.test(n.protocol))&&n.host===r.host&&l.activeElement===s&&(d.top.location.href=t.value))}},d.addEventListener(\"message\",d.wp.receiveEmbedMessage,!1),l.addEventListener(\"DOMContentLoaded\",function(){for(var e,t,s=l.querySelectorAll(\"iframe.wp-embedded-content\"),r=0;r<s.length;r++)(t=(e=s[r]).getAttribute(\"data-secret\"))||(t=Math.random().toString(36).substring(2,12),e.src+=\"#?secret=\"+t,e.setAttribute(\"data-secret\",t)),e.contentWindow.postMessage({message:\"ready\",secret:t},\"*\")},!1)))}(window,document);\n\/\/# sourceURL=https:\/\/www.kirche-sdh.de\/side\/wp-includes\/js\/wp-embed.min.js\n\/* ]]> *\/\n<\/script>\n","thumbnail_url":"https:\/\/www.kirche-sdh.de\/side\/wp-content\/uploads\/2019\/12\/IMG_3831-1024x683.jpg","thumbnail_width":1024,"thumbnail_height":683,"description":"Andacht und Martinszug des Sch\u00f6nthaler Kindergartens &#8211; Martinsg\u00e4nse verteilt In einem langen Laternenzug, angef\u00fchrt von Sankt Martin auf seinem Pferd, sind zu Ehren des Heiligen die Kinder des Kindergartens Sankt Johannes gemeinsam mit den Kindergartenfr\u00e4ulein, Geschwistern, Eltern und Gro\u00dfeltern sowie der Eltern-Kind-Gruppe singend von der Pfarrkirche zum vor\u00fcbergehenden Kindergarten gezogen. [&hellip;]"}

Andacht und Martinszug des Schönthaler Kindergartens &#8211; Martinsgänse verteilt In einem langen Laternenzug, angeführt von Sankt Martin auf seinem Pferd, sind zu Ehren des Heiligen die Kinder des Kindergartens Sankt Johannes gemeinsam mit den Kindergartenfräulein, Geschwistern, Eltern und Großeltern sowie der Eltern-Kind-Gruppe singend von der Pfarrkirche zum vorübergehenden Kindergarten gezogen. [&hellip;]
